s divided by 6998.
484
What is the remainder when 3606 is divided by 2672?
934
What is the remainder when 350567 is divided by 447?
119
What is the remainder when 642955 is divided by 523?
188
What is the remainder when 32584436 is divided by 174?
152
What is the remainder when 2438827 is divided by 2762?
2743
What is the remainder when 12588571 is divided by 47504?
11
What is the remainder when 98449961 is divided by 74?
65
Calculate the remainder when 12654 is divided by 269.
11
Calculate the remainder when 1559824 is divided by 48.
16
What is the remainder when 425492 is divided by 1216?
1108
Calculate the remainder when 1528374 is divided by 1540.
694
What is the remainder when 17198916 is divided by 17198880?
36
What is the remainder when 72059 is divided by 445?
414
What is the remainder when 492769 is divided by 74?
3
Calculate the remainder when 2278561 is divided by 1139272.
17
What is the remainder when 31413237 is divided by 10364?
10317
Calculate the remainder when 1583685 is divided by 490.
5
Calculate the remainder when 886961 is divided by 489.
404
What is the remainder when 100881 is divided by 33573?
162
Calculate the remainder when 141006880 is divided by 57.
52
Calculate the remainder when 3754278 is divided by 268158.
66
Calculate the remainder when 92353473 is divided by 18467.
6
Calculate the remainder when 1212829 is divided by 1274.
1255
Calculate the remainder when 35332051 is divided by 20.
11
What is the remainder when 1013534 is divided by 38982?
2
Calculate the remainder when 37867395 is divided by 3142.
11
Calculate the remainder when 962133 is divided by 1497.
1059
What is the remainder when 21165691 is divided by 141?
40
What is the remainder when 303783 is divided by 1391?
545
Calculate the remainder when 4473821 is divided by 125.
71
What is the remainder when 782512 is divided by 12?
4
Calculate the remainder when 551377 is divided by 745.
77
What is the remainder when 1008141 is divided by 21426?
1119
What is the remainder when 2484900 is divided by 34?
10
What is the remainder when 9991091 is divided by 165?
11
Calculate the remainder when 751222 is divided by 6476.
6
What is the remainder when 265068 is divided by 88218?
414
What is the remainder when 82797 is divided by 16205?
1772
What is the remainder when 1743556724 is divided by 6675?
6674
Calculate the remainder when 6402136 is divided by 1656.
40
Calculate the remainder when 2451480 is divided by 3072.
24
Calculate the remainder when 3306087 is divided by 27323.
4
Calculate the remainder when 378075 is divided by 125985.
120
Calculate the remainder when 197023 is divided by 49190.
263
What is the remainder when 1417397 is divided by 708693?
11
What is the remainder when 1213713 is divided by 150?
63
Calculate the remainder when 219349 is divided by 5769.
127
What is the remainder when 62650 is divided by 31242?
166
Calculate the remainder when 60948826 is divided by 59.
56
Calculate the remainder when 22616710 is divided by 12.
10
Calculate the remainder when 86118 is divided by 1493.
1017
What is the remainder when 1274027 is divided by 254798?
37
Calculate the remainder when 502744 is divided by 1569.
664
Calculate the remainder when 5926016 is divided by 1047.
1043
What is the remainder when 26870137 is divided by 20?
17
What is the remainder when 107228430 is divided by 8?
6
Calculate the remainder when 191330480 is divided by 134267.
5
Calculate the remainder when 1592133 is divided by 24.
21
What is the remainder when 11255 is divided by 3684?
203
What is the remainder when 1065870 is divided by 10?
0
Calculate the remainder when 207058 is divided by 138.
58
What is the remainder when 6006640 is divided by 9?
4
Calculate the remainder when 1048583 is divided by 524286.
11
Calculate the remainder when 315435 is divided by 17523.
21
Calculate the remainder when 1665547 is divided by 534.
1
What is the remainder when 11777597 is divided by 253?
194
Calculate the remainder when 172693 is divided by 24351.
2236
Calculate the remainder when 32138 is divided by 15990.
158
What is the remainder when 715324 is divided by 34?
32
What is the remainder when 2004373 is divided by 62634?
85
What is the remainder when 22803794 is divided by 254?
182
Calculate the remainder when 94154 is divided by 15682.
62
Calculate the remainder when 29570882 is divided by 3285652.
14
Calculate the remainder when 53517 is divided by 1405.
127
What is the remainder when 98713662 is divided by 266?
264
What is the remainder when 4265283 is divided by 2132574?
135
What is the remainder when 3269913 is divided by 88376?
1
Calculate the remainder when 2078533 is divided by 407.
391
What is the remainder when 8554414 is divided by 811?
797
What is the remainder when 5092 is divided by 1222?
204
Calculate the remainder when 1943185 is divided by 73.
71
What is the remainder when 608287950 is divided by 47?
38
Calculate the remainder when 65030 is divided by 64198.
832
Calculate the remainder when 1199795 is divided by 299869.
319
What is the remainder when 9893486 is divided by 17?
13
What is the remainder when 1238928 is divided by 76?
52
Calculate the remainder when 41166402 is divided by 45.
42
What is the remainder when 130263 is divided by 43416?
15
What is the remainder when 453168 is divided by 1937?
1847
What is the remainder when 54202185 is divided by 19?
11
What is the remainder when 4943952 is divided by 3684?
24
Calculate the remainder when 251113 is divided by 1174.
1051
Calculate the remainder when 311466 is divided by 141.
138
What is the remainder when 297624 is divided by 2287?
314
What is the remainder when 137317 is divided by 68206?
905
What is the remainder when 3792650 is divided by 4?
2
Calculate the remainder when 11612090 is divided by 11.
6
What is the remainder when 22663 is divided by 11282?
99
Calculate the remainder when 56509 is divided by 993.
901
What is the remainder when 1356910 is divided by 339070?
630
Calculate the remainder when 59364 is divided by 29376.
612
What is the remainder when 359965 is divided by 59992?
13
Calculate the remainder when 75056960 is divided by 322.
48
Calculate the remainder when 341583540 is divided by 13.
12
What is the remainder when 1643751 is divided by 1093?
972
What is the remainder when 801 is divided by 5?
1
What is the remainder when 62472303 is divided by 31236146?
11
What is the remainder when 51396 is divided by 2204?
704
What is the remainder when 86121035 is divided by 54?
53
What is the remainder when 1132392 is divided by 14517?
66
Calculate the remainder when 107173 is divided by 259.
206
Calculate the remainder when 356975 is divided by 7137.
125
Calculate the remainder when 25008048 is divided by 2049.
3
Calculate the remainder when 2472731 is divided by 84.
23
Calculate the remainder when 35607950 is divided by 172.
166
Calculate the remainder when 41902385 is divided by 45996.
29
What is the remainder when 1789505 is divided by 1789149?
356
What is the remainder when 786274 is divided by 6190?
144
Calculate the remainder when 4442080 is divided by 19919.
143
What is the remainder when 1713865 is divided by 39?
10
What is the remainder when 85686233 is divided by 38?
33
What is the remainder when 530957764 is divided by 44?
40
What is the remainder when 97677 is divided by 4?
1
What is the remainder when 159456 is divided by 79364?
728
Calculate the remainder when 108828147 is divided by 412.
407
Calculate the remainder when 189271 is divided by 11367.
7399
What is the remainder when 21192311 is divided by 21192275?
36
What is the remainder when 26297241 is divided by 531?
528
What is the remainder when 8569415 is divided by 59?
19
What is the remainder when 2254474 is divided by 3418?
2012
Calculate the remainder when 516077 is divided by 113.
6
What is the remainder when 9039209 is divided by 266?
263
What is the remainder when 37178995 is divided by 21?
7
Calculate the remainder when 438817 is divided by 3917.
113
What is the remainder when 19800 is divided by 3928?
160
Calculate the remainder when 2614042 is divided by 925.
917
Calculate the remainder when 198380 is divided by 2656.
1836
Calculate the remainder when 61135678 is divided by 8353.
71
Calculate the remainder when 55113515 is